{"id":681,"date":"2026-03-07T16:16:39","date_gmt":"2026-03-07T15:16:39","guid":{"rendered":"https:\/\/ateliers-du-passage.ch\/?page_id=681"},"modified":"2026-04-22T13:49:42","modified_gmt":"2026-04-22T11:49:42","slug":"bureau","status":"publish","type":"page","link":"https:\/\/ateliers-du-passage.ch\/?page_id=681","title":{"rendered":"Bureau"},"content":{"rendered":"\n<p>LES ATELIERS DU PASSAGE S\u00e0RL<br>AVENUE DE TIVOLI 4<br>1700 FRIBOURG<br><a href=\"tel:0264244791\">026 424 47 91<\/a><br><a href=\"mailto:office@ateliers-du-passage.ch\">OFFICE@ATELIERS-DU-PASSAGE.CH<\/a><\/p>\n\n\n\n<p><\/p>\n\n\n\n<h2 class=\"wp-block-heading\">\u00e9quipe<\/h2>\n\n\n\n<figure class=\"wp-block-gallery has-nested-images columns-default is-cropped wp-block-gallery-1 is-layout-flex wp-block-gallery-is-layout-flex\">\n<figure class=\"wp-block-image size-full\"><img decoding=\"async\" data-id=\"674\" src=\"https:\/\/ateliers-du-passage.ch\/wp-content\/uploads\/2026\/03\/bureau_equipe-1.png\" alt=\"\" class=\"wp-image-674\"\/><\/figure>\n<\/figure>\n\n\n\n<h3 class=\"wp-block-heading\"><strong>CYRILLE FASEL<\/strong><\/h3>\n\n\n\n<p>architecte<\/p>\n\n\n\n<h3 class=\"wp-block-heading\"><strong><strong>LEONIE RUCHET<\/strong><\/strong><\/h3>\n\n\n\n<p>architecte<\/p>\n\n\n\n<h3 class=\"wp-block-heading\"><strong>MORGANE LEPP\u00c4NEN<\/strong><\/h3>\n\n\n\n<p>architecte<\/p>\n\n\n\n<h3 class=\"wp-block-heading\"><strong>TOM SCHOUWEY<\/strong><\/h3>\n\n\n\n<p>architecte<\/p>\n\n\n\n<h3 class=\"wp-block-heading\"><strong>ELODIE GENOUD<\/strong><\/h3>\n\n\n\n<p>architecte<\/p>\n\n\n\n<h3 class=\"wp-block-heading\">CELINE MAZZA<\/h3>\n\n\n\n<p>ADMINISTRATION<\/p>\n\n\n\n<h3 class=\"wp-block-heading\">OCEANE RIEDER<\/h3>\n\n\n\n<p>STAGIAIRE<\/p>\n\n\n\n<h3 class=\"wp-block-heading\"><\/h3>\n\n\n\n<h3 class=\"wp-block-heading\"><strong>ANCIENS COLLABORATEURS<\/strong><\/h3>\n\n\n\n<p>HERVE ROMANENS &#8211; DIANA GALLEY &#8211; LORIS OVERNEY &#8211; PATRICIA BARRAS &#8211; JONATHAN CHKARNAT &#8211; MATHIEU ANDREJEWSKI &#8211; ANTOINE VAUTHEY &#8211; LAURENT PROBST &#8211; CENDRINE COTTER &#8211; PABLO GIRONA &#8211; OLIVIER FISCHER &#8211; LEONARD VILLARS &#8211; NOAM BERCHIER &#8211; SARAH SAVOY &#8211; MARTIN RIEDI &#8211; SAMUEL FREIBURGHAUS &#8211; DOMINIQUE JOLIAT <\/p>\n\n\n\n<h3 class=\"wp-block-heading\"><strong>ANCIENS STAGIAIRES ET APPRENTIS<\/strong><\/h3>\n\n\n\n<p>ARNAUD PERISSET &#8211; DIEGO FUSSINGER &#8211; VANIA PILLER &#8211; TILIO PEZZOLI &#8211; ALEXANDRE OLSZAK OLSZEWSKI &#8211; AURELI RIZZOLI  &#8211; SHEIKHELARD DIMA &#8211; ALESSIA ADAMO &#8211; DYLAN WESOLY &#8211; TUFAN NERGIZ &#8211; GUILLAUME DURIEUX &#8211; LUIS NOGUEIRA &#8211; JUDIT CARULLA &#8211; ANTOINE VAUTHEY &#8211; CHRISTOFER NASRI &#8211; EMILIE MARCHESI &#8211; MATHIEU ANDREJEWSKI &#8211; EMILIE SCHMUTZ &#8211; YANNICK ZINDEL &#8211; NATACHA OWEN &#8211; JEREMY STAUFFACHER &#8211; PABLO GIRONA <\/p>\n\n\n\n<h3 class=\"wp-block-heading\"><strong>HISTORIQUE DU BUREAU<\/strong><\/h3>\n\n\n\n<p>JEAN-LUC GROBETY A OUVERT SON PROPRE BUREAU D&rsquo;ARCHITECTE A LA SUITE D&rsquo;UN CONCOURS D&rsquo;ARCHITECTURE EN 1982 ET A R\u00c9ALIS\u00c9, PAR LA SUITE, PLUSIEURS B\u00c2TIMENT PUBLICS TEL QUE LE THEATRE DU CROCHETAN A MONTHEY, LA PISCINE DE P. EN PARALL\u00c8LE IL EST ASSISTANT DES PROFESSEURS FUEG ET STEINMANN A L&rsquo;EPFL PUIS ENSEIGNANT A L&rsquo;HEI-FR.<\/p>\n\n\n\n<p>EN 2008 SUITE A UN NOUVEAU CONCOURS, IL CR\u00c9E EN ASSOCIATION AVEC CYRILLE FASEL LE BUREAU LES ATELIERS DU PASSAGE. A NOUVEAU PLUSIEURS B\u00c2TIMENTS ISSUS DE CONCOURS D&rsquo;ARCHITECTURE SONT R\u00c9ALIS\u00c9S.<br>EN 2019, A 70 ANS JEAN-LUC CHOISI DE DIMINUER SON ACTIVIT\u00c9. EN 2019 LEONIE RUCHET EST LA NOUVELLE ASSOCI\u00c9E DU BUREAU.<\/p>\n","protected":false},"excerpt":{"rendered":"<p>LES ATELIERS DU PASSAGE S\u00e0RLAVENUE DE TIVOLI 41700 FRIBOURG026 424 47 91OFFICE@ATELIERS-DU-PASSAGE.CH \u00e9quipe CYRILLE FASEL architecte LEONIE RUCHET architecte MORGANE LEPP\u00c4NEN architecte TOM SCHOUWEY architecte ELODIE GENOUD architecte CELINE MAZZA ADMINISTRATION OCEANE RIEDER STAGIAIRE ANCIENS COLLABORATEURS HERVE ROMANENS &#8211; DIANA GALLEY &#8211; LORIS OVERNEY &#8211; PATRICIA BARRAS &#8211; JONATHAN CHKARNAT &#8211; MATHIEU ANDREJEWSKI &#8211; ANTOINE [&hellip;]<\/p>\n","protected":false},"author":1,"featured_media":0,"parent":0,"menu_order":0,"comment_status":"closed","ping_status":"closed","template":"page-listing_bureau.php","meta":{"footnotes":""},"class_list":["post-681","page","type-page","status-publish","hentry"],"acf":[],"_links":{"self":[{"href":"https:\/\/ateliers-du-passage.ch\/index.php?rest_route=\/wp\/v2\/pages\/681","targetHints":{"allow":["GET"]}}],"collection":[{"href":"https:\/\/ateliers-du-passage.ch\/index.php?rest_route=\/wp\/v2\/pages"}],"about":[{"href":"https:\/\/ateliers-du-passage.ch\/index.php?rest_route=\/wp\/v2\/types\/page"}],"author":[{"embeddable":true,"href":"https:\/\/ateliers-du-passage.ch\/index.php?rest_route=\/wp\/v2\/users\/1"}],"replies":[{"embeddable":true,"href":"https:\/\/ateliers-du-passage.ch\/index.php?rest_route=%2Fwp%2Fv2%2Fcomments&post=681"}],"version-history":[{"count":5,"href":"https:\/\/ateliers-du-passage.ch\/index.php?rest_route=\/wp\/v2\/pages\/681\/revisions"}],"predecessor-version":[{"id":780,"href":"https:\/\/ateliers-du-passage.ch\/index.php?rest_route=\/wp\/v2\/pages\/681\/revisions\/780"}],"wp:attachment":[{"href":"https:\/\/ateliers-du-passage.ch\/index.php?rest_route=%2Fwp%2Fv2%2Fmedia&parent=681"}],"curies":[{"name":"wp","href":"https:\/\/api.w.org\/{rel}","templated":true}]}}

<p>LES ATELIERS DU PASSAGE SàRL<br>AVENUE DE TIVOLI 4<br>1700 FRIBOURG<br><a href="tel:0264244791">026 424 47 91</a><br><a href="mailto:office@ateliers-du-passage.ch">OFFICE@ATELIERS-DU-PASSAGE.CH</a></p>



<p></p>



<h2 class="wp-block-heading">équipe</h2>



<figure class="wp-block-gallery has-nested-images columns-default is-cropped wp-block-gallery-1 is-layout-flex wp-block-gallery-is-layout-flex">
<figure class="wp-block-image size-full"><img decoding="async" data-id="674" src="https://ateliers-du-passage.ch/wp-content/uploads/2026/03/bureau_equipe-1.png" alt="" class="wp-image-674"/></figure>
</figure>



<h3 class="wp-block-heading"><strong>CYRILLE FASEL</strong></h3>



<p>architecte</p>



<h3 class="wp-block-heading"><strong><strong>LEONIE RUCHET</strong></strong></h3>



<p>architecte</p>



<h3 class="wp-block-heading"><strong>MORGANE LEPPÄNEN</strong></h3>



<p>architecte</p>



<h3 class="wp-block-heading"><strong>TOM SCHOUWEY</strong></h3>



<p>architecte</p>



<h3 class="wp-block-heading"><strong>ELODIE GENOUD</strong></h3>



<p>architecte</p>



<h3 class="wp-block-heading">CELINE MAZZA</h3>



<p>ADMINISTRATION</p>



<h3 class="wp-block-heading">OCEANE RIEDER</h3>



<p>STAGIAIRE</p>



<h3 class="wp-block-heading"></h3>



<h3 class="wp-block-heading"><strong>ANCIENS COLLABORATEURS</strong></h3>



<p>HERVE ROMANENS &#8211; DIANA GALLEY &#8211; LORIS OVERNEY &#8211; PATRICIA BARRAS &#8211; JONATHAN CHKARNAT &#8211; MATHIEU ANDREJEWSKI &#8211; ANTOINE VAUTHEY &#8211; LAURENT PROBST &#8211; CENDRINE COTTER &#8211; PABLO GIRONA &#8211; OLIVIER FISCHER &#8211; LEONARD VILLARS &#8211; NOAM BERCHIER &#8211; SARAH SAVOY &#8211; MARTIN RIEDI &#8211; SAMUEL FREIBURGHAUS &#8211; DOMINIQUE JOLIAT </p>



<h3 class="wp-block-heading"><strong>ANCIENS STAGIAIRES ET APPRENTIS</strong></h3>



<p>ARNAUD PERISSET &#8211; DIEGO FUSSINGER &#8211; VANIA PILLER &#8211; TILIO PEZZOLI &#8211; ALEXANDRE OLSZAK OLSZEWSKI &#8211; AURELI RIZZOLI  &#8211; SHEIKHELARD DIMA &#8211; ALESSIA ADAMO &#8211; DYLAN WESOLY &#8211; TUFAN NERGIZ &#8211; GUILLAUME DURIEUX &#8211; LUIS NOGUEIRA &#8211; JUDIT CARULLA &#8211; ANTOINE VAUTHEY &#8211; CHRISTOFER NASRI &#8211; EMILIE MARCHESI &#8211; MATHIEU ANDREJEWSKI &#8211; EMILIE SCHMUTZ &#8211; YANNICK ZINDEL &#8211; NATACHA OWEN &#8211; JEREMY STAUFFACHER &#8211; PABLO GIRONA </p>



<h3 class="wp-block-heading"><strong>HISTORIQUE DU BUREAU</strong></h3>



<p>JEAN-LUC GROBETY A OUVERT SON PROPRE BUREAU D&rsquo;ARCHITECTE A LA SUITE D&rsquo;UN CONCOURS D&rsquo;ARCHITECTURE EN 1982 ET A RÉALISÉ, PAR LA SUITE, PLUSIEURS BÂTIMENT PUBLICS TEL QUE LE THEATRE DU CROCHETAN A MONTHEY, LA PISCINE DE P. EN PARALLÈLE IL EST ASSISTANT DES PROFESSEURS FUEG ET STEINMANN A L&rsquo;EPFL PUIS ENSEIGNANT A L&rsquo;HEI-FR.</p>



<p>EN 2008 SUITE A UN NOUVEAU CONCOURS, IL CRÉE EN ASSOCIATION AVEC CYRILLE FASEL LE BUREAU LES ATELIERS DU PASSAGE. A NOUVEAU PLUSIEURS BÂTIMENTS ISSUS DE CONCOURS D&rsquo;ARCHITECTURE SONT RÉALISÉS.<br>EN 2019, A 70 ANS JEAN-LUC CHOISI DE DIMINUER SON ACTIVITÉ. EN 2019 LEONIE RUCHET EST LA NOUVELLE ASSOCIÉE DU BUREAU.</p>

<p>LES ATELIERS DU PASSAGE SàRLAVENUE DE TIVOLI 41700 FRIBOURG026 424 47 91OFFICE@ATELIERS-DU-PASSAGE.CH équipe CYRILLE FASEL architecte LEONIE RUCHET architecte MORGANE LEPPÄNEN architecte TOM SCHOUWEY architecte ELODIE GENOUD architecte CELINE MAZZA ADMINISTRATION OCEANE RIEDER STAGIAIRE ANCIENS COLLABORATEURS HERVE ROMANENS &#8211; DIANA GALLEY &#8211; LORIS OVERNEY &#8211; PATRICIA BARRAS &#8211; JONATHAN CHKARNAT &#8211; MATHIEU ANDREJEWSKI &#8211; ANTOINE [&hellip;]</p>
